+ 710. Calculate the greatest common factor of 18 and x.
9
Let c be 1445/15 - ((-16)/(-3) + -5). Calculate the greatest common divisor of c and 108.
12
Suppose -56 + 2 = -9*x. Suppose 4*o = 2*o + x. What is the greatest common divisor of 12 and o?
3
Let t(r) = -3*r. Let j be t(-4). Let p(x) = 68*x**3 + 39*x**3 - 3*x - 1 + x**2 + 0*x**2 + 4*x. Let a be p(1). What is the greatest common factor of j and a?
12
Let d(x) = -65*x - 14. Let n be d(-5). Let g = -221 + n. Calculate the greatest common factor of g and 60.
30
Let p(l) = -8*l**2 - 2 - l - 17*l**2 + 26*l**2 - 5*l. Let u be p(9). Suppose u*m - 45 = 24*m. Calculate the greatest common factor of m and 15.
15
Let s be 4 - (4 + 25/(-5)). Let a be 33 + -19 + s*-1. What is the greatest common divisor of a and 27?
9
Let w(m) = m**2 - 12*m + 19. Let o be w(11). Let p be (0 - 5*-1)*(10 - o). Calculate the greatest common factor of p and 30.
10
Let o be 23*2 + 9 + -13. Calculate the highest common divisor of o and 168.
42
Suppose -9*w = 160 - 1042. What is the highest common divisor of 2 and w?
2
Let q be (-6)/10 + (-126)/(-10). What is the greatest common divisor of q and 192?
12
Suppose 3 = -2*r + 13. Let k(o) = 16*o - 36. Let h be k(r). Suppose 2*q + 22 = 4*q. What is the highest common factor of q and h?
11
Let m = 9 + -14. Let l be 24/60 - 298/m. What is the highest common divisor of 12 and l?
12
Let d(f) = 2*f**3 - 4*f**2 - 2*f + 10. Let z be d(0). Calculate the greatest common factor of z and 30.
10
Let c = 228 - 168. Calculate the greatest common divisor of c and 12.
12
Let k(j) = -j + 10. Let z(f) = f**2 + 6*f + 5. Let p be z(-6). Let w be k(p). Let i be w/5*(-1 - -79). What is the greatest common factor of 13 and i?
13
Suppose 6*b = -3*b - 9. Let m(d) = -32*d**3 - 3*d - 3. Let i be m(b). What is the highest common divisor of i and 80?
16
Suppose -512 = -4*v - 0*v. Let z be (19*(-5)/15 + 5)*-12. What is the greatest common factor of v and z?
16
Suppose -5*v + 494 = 3*k, 0 = -2*k + 4*v - 8*v + 328. Calculate the greatest common factor of 56 and k.
56
Let c be (1*(-4 + 3))/(-1). Let p(k) = 26*k**2 - k + 2. Let d be p(c). Calculate the greatest common factor of 54 and d.
27
Suppose 4*u = 2*g + 28, -u - 3*u - 3*g = -18. Let p(w) = 72*w - 456. Let a be p(7). Calculate the highest common divisor of a and u.
6
Suppose -31*v = 3*t - 36*v - 8, 3*v = -5*t + 36. Calculate the greatest common divisor of t and 6.
6
Let p(q) = -2*q - 7. Let j be p(-9). Suppose t + 0*t - 5 = -2*v, 5*v - 12 = -3*t. Let k be v + 8*(5 + -4). Calculate the highest common factor of j and k.
11
Let z(f) = -f - 18. Let x be z(-11). Let s be x/(21/(-96)) - 1. What is the highest common divisor of s and 341?
31
Let d be 6/18 - (-224)/(-6). Let b = d - -40. Suppose -2*l + 3 = 5*t - 2, -2*l - 4 = 2*t. Calculate the highest common divisor of b and t.
3
Let i be (-56 - -62)/((-3)/(-4)*2). What is the greatest common divisor of 32 and i?
4
Suppose 4*f = 5*f - 177. Let y = f - 102. Calculate the greatest common factor of 15 and y.
15
Suppose -5*a + 5 = -4*a, -4*g = -2*a - 130. Suppose 0 = -7*i + g + 91. What is the greatest common divisor of 198 and i?
18
Suppose 5 = m - 1. Let t be -142*(m/(-4) + -2). Let g = t + -343. Calculate the highest common factor of 22 and g.
22
Suppose -168 - 124 = -5*m - 3*x, 4*m - 2*x = 216. What is the greatest common factor of m and 238?
14
Suppose 5*p = -2*l + 2274, 3*p = -2*p + l + 2283. Calculate the greatest common factor of 48 and p.
24
Let f(i) = -i**2 + 4*i + 18. Let l be f(10). Let d = -27 - l. What is the greatest common divisor of d and 5?
5
Suppose 18*g = 4*d + 13*g - 4269, d = 3*g + 1062. What is the highest common divisor of d and 21?
21
Suppose 82 = -16*m + 786. Calculate the highest common divisor of m and 3124.
44
Let h(d) = d**2 - 6*d + 32. Let t be h(-8). Calculate the greatest common factor of t and 16.
16
Suppose h - 6*h + 23 = -4*z, z + 11 = 3*h. Suppose v + 27 = 5*j, -5*j - 4*v + 3*v = -33. What is the greatest common factor of h and j?
3
Let p be -1 + (-248)/(-4) - 1. Suppose 0 = -12*v + 9*v + 4*j + 1, 5*v - 9 = 3*j. What is the greatest common factor of p and v?
3
Let p be -90 - (-5)/((-10)/6). Let a = -53 - p. What is the highest common divisor of 200 and a?
40
Suppose 0*k + 3*k = 300. What is the greatest common divisor of k and 5?
5
Let k = 503 - 495. What is the greatest common factor of k and 25?
1
Suppose -4*l = -a + 19, 0 = -3*a + 7*a - l - 61. Calculate the highest common factor of a and 735.
15
Let t(c) = c**3 + 12*c**2 + 21*c + 34. Let b be t(-7). What is the highest common divisor of 198 and b?
66
Let y(h) = h**2 - 2*h - 3. Let v be y(6). Let d = 5 + -7. Let z be -3*((-338)/6 + 1) - d. What is the greatest common factor of z and v?
21
Suppose -2*j + q = -15, 2*j - 3 - 16 = -3*q. What is the greatest common factor of j and 24?
8
Suppose 4*h - 208 = 4*k, -3*h - 4*k = 90 - 260. Calculate the highest common divisor of 270 and h.
54
Suppose -4*o - 5*z + 5 = -45, 4 = 2*z. Let c = 5 + -3. Calculate the greatest common factor of c and o.
2
Let v be 1/(-4)*1 + (-9)/(-4). Suppose 0 = 3*j + 2*j + v*d - 42, -2*j + 28 = -2*d. Calculate the highest common divisor of 130 and j.
10
Let g = 1 + -4. Let x = 7 - g. Calculate the highest common divisor of 70 and x.
10
Let k be -7 + (-2166)/(-9) - 3/(-9). Calculate the greatest common factor of 156 and k.
78
Let q = -173 + 169. Let l(z) = -18*z - 2. Let n be l(q). Suppose 70 = 7*m - 2*m. What is the greatest common divisor of m and n?
14
Let l(f) = 2*f**2 - 42*f - 127. Let c be l(-3). Let q be ((-2)/(-4))/(1/522). Let u = -74 + q. What is the highest common divisor of u and c?
17
Let h = -9 + 19. Let r(k) = h - 46*k + 46*k + k**3 - 8*k**2. Let t be r(8). Calculate the greatest common factor of t and 80.
10
Suppose -h + 4*u = -3*h, 4*u - 6 = -5*h. What is the greatest common factor of 2 and h?
2
Suppose -4 = b - 3*b. Suppose -b*t + 52 = 5*k - k, 32 = t - 4*k. Let x be -1 + -2 - 0 - -10. Calculate the highest common factor of x and t.
7
Suppose 2*l = -10, 2*y + 215 = 7*y - 3*l. What is the highest common factor of 100 and y?
20
Let o be (-6 + (0 - ((-82)/3 + 5)))*3. Suppose -5*h - 8 = -4*m, -3*m + 0*h = 3*h - 33. What is the greatest common divisor of m and o?
7
Let l be 45/30*(-10)/1. Suppose -5*b + b = -240. Let z be 18/l*b/(-9). Calculate the highest common factor of 88 and z.
8
Let n = -361 + 907. What is the greatest common factor of n and 70?
14
Suppose 0 = 15*c + 335 - 1760. Calculate the greatest common factor of 76 and c.
19
Suppose 5*x + 74 = 3*n + 4*x, 2*n + 5*x - 72 = 0. Suppose -n*p + 80 = -24*p. Calculate the highest common divisor of p and 60.
20
Let n = -1053 - -1456. What is the highest common factor of 62 and n?
31
Let d be 18*(1900/56 - (-4)/7). Calculate the greatest common divisor of d and 23.
23
Suppose q - o = 4*q - 45, 2*o + 64 = 5*q. Suppose g = 74 + q. Calculate the greatest common divisor of 11 and g.
11
Suppose 2*t - t - 2 = 0. Suppose -t*y + 242 = -0*y. Let d = -49 - -60. Calculate the highest common factor of y and d.
11
Let d be (-36)/(-48) + (-3)/4. Let t be 190/(-2)*(d + -5)/5. Calculate the greatest common factor of 38 and t.
19
Let f = -5 - -7. Let d(a) = a + 18. Let b be 0/(1 + (-3 - -4)). Let u be d(b). What is the greatest common factor of u and f?
2
Suppose -5*z + 18 = 8. Suppose 0 = 2*t - z*c + 6, c + 2*c = 2*t + 11. Suppose g + 2*u = 2, -u + 4 = g + t. Calculate the greatest common divisor of 14 and g.
2
Let l be (-1 - -7)/(6 + (-3 - 1)). Suppose 0*c + 3 = l*c. What is the highest common divisor of c and 1?
1
Suppose 30*v = 18*v + 4224. Calculate the greatest common factor of 96 and v.
32
Let d be (-40)/12*114/10*-1. Let v(b) = -b - 4*b**3 - 8*b**3 + 3 + 3*b. Let f be v(-2). What is the greatest common divisor of f and d?
19
Suppose -5*a = -1112 - 218. What is the greatest common factor of 28 and a?
14
Suppose -3158 = 2*i - 3188. What is the greatest common factor of 145 and i?
5
Let x(z) = -5*z - 2. Let u be x(-4). Calculate the highest common factor of u and 198.
18
Let l be -1 - ((-257)/5 - 2/(-5)). What is the greatest common divisor of 550 and l?
50
Suppose 0 = -2*t + 135 - 43. Suppose -t = 7*m - 172. What is the greatest common divisor of 2 and m?
2
Let d(a) = a**2 + 12*a + 7. Let z be d(-13). S